
True
Is 1498 a factor of 679513701?
False
Does 834 divide 2381759485?
False
Is 85 a factor of 13365825?
True
Is 3374 a factor of 753684698?
False
Is 32 a factor of 113535360?
True
Does 859 divide 1440543?
True
Does 49 divide 723556001?
True
Is 208 a factor of 163720336?
True
Is 28 a factor of 512505280?
True
Is 135136048 a multiple of 10?
False
Is 11 a factor of 1209175044?
True
Is 328772093 a multiple of 44?
False
Is 1023 a factor of 176091260?
False
Is 1232 a factor of 288444646?
False
Is 58 a factor of 177015884?
True
Does 221 divide 331737800?
False
Is 4901015 a multiple of 37?
False
Is 4 a factor of 49703964?
True
Is 84 a factor of 41184528?
True
Is 2479870 a multiple of 2?
True
Is 2708 a factor of 42556220?
True
Is 67 a factor of 1250421?
True
Is 3385968 a multiple of 23?
True
Is 65 a factor of 394343625?
True
Is 1031 a factor of 67714721?
False
Is 22 a factor of 438910?
False
Does 57 divide 58953789?
True
Does 1211 divide 157007033?
False
Is 256 a factor of 1290987039?
False
Does 3442 divide 2163295562?
False
Is 1507703213 a multiple of 270?
False
Is 40 a factor of 7349507?
False
Is 2048678 a multiple of 16?
False
Is 1627 a factor of 248530758?
True
Is 3090342892 a multiple of 754?
True
Does 181 divide 13903877?
True
Is 10 a factor of 13638710?
True
Does 8 divide 51937792?
True
Does 245 divide 54583907?
False
Is 102 a factor of 17942106?
True
Does 4153 divide 206250439?
True
Does 987 divide 5145945099?
False
Does 604 divide 2126777016?
True
Is 96054280 a multiple of 3?
False
Is 278026165 a multiple of 4?
False
Is 1157 a factor of 521393951?
True
Is 127 a factor of 2015070555?
False
Is 645258 a multiple of 122?
True
Does 778 divide 31621834?
False
Does 4888 divide 1429779051?
False
Is 69 a factor of 85776108?
True
Is 31240156 a multiple of 161?
False
Is 228272593 a multiple of 165?
False
Is 246 a factor of 171515549?
False
Is 119 a factor of 222873961?
False
Is 34820960 a multiple of 2?
True
Is 17 a factor of 19638753?
False
Does 208 divide 99553033?
False
Does 508 divide 88424004?
True
Is 41261666 a multiple of 212?
False
Does 84 divide 2225559398?
False
Does 63 divide 2006153061?
False
Does 7 divide 26925472?
True
Is 29 a factor of 29217123?
True
Is 27 a factor of 67117783?
False
Is 187 a factor of 269641658?
True
Is 369 a factor of 332014023?
True
Is 337 a factor of 53506838?
True
Is 1929 a factor of 2281011636?
True
Does 2 divide 20858248?
True
Is 123138 a multiple of 3?
True
Is 22124165 a multiple of 68?
False
Does 65 divide 68249090?
True
Is 25306694 a multiple of 14?
True
Is 35 a factor of 289712820?
False
Is 112203179 a multiple of 6940?
False
Does 161 divide 8290162?
False
Is 53842036 a multiple of 162?
False
Is 108 a factor of 7052645?
False
Is 915892686 a multiple of 309?
True
Is 150 a factor of 136423288?
False
Is 42826140 a multiple of 1230?
True
Does 5 divide 270189536?
False
Is 76 a factor of 267568019?
False
Is 1205158340 a multiple of 11?
False
Is 127775595 a multiple of 83?
True
Is 48151560 a multiple of 106?
True
Is 1376583516 a multiple of 649?
True
Is 7 a factor of 129964631?
False
Is 3342463656 a multiple of 636?
True
Is 3226650020 a multiple of 22?
True
Does 103 divide 15534151?
True
Does 124 divide 8096704?
True
Is 148930432 a multiple of 18?
False
Does 23 divide 56086144?
True
Is 32 a factor of 17647615?
False
Is 8163792 a multiple of 368?
False
Does 44 divide 2225799?
False
Is 16 a factor of 5134410644?
False
Is 2519 a factor of 98795180?
True
Is 1369 a factor of 370518481?
True
Is 9 a factor of 1137434760?
True
Is 1400476934 a multiple of 15?
False
Is 5414640 a multiple of 120?
True
Is 25301895 a multiple of 37?
True
Is 5298364945 a multiple of 91?
False
Is 136 a factor of 23122027?
False
Is 196189228 a multiple of 15?
False
Is 103834042 even?
True
Does 26 divide 41116114?
True
Does 52 divide 895951940?
True
Is 2817 a factor of 18562929?
False
Is 1495 a factor of 23370364?
False
Is 30 a factor of 25180440?
True
Is 4697898701 a multiple of 3285?
False
Does 75 divide 11378607?
False
Is 34582651 a multiple of 415?
False
Is 123 a factor of 2147903736?
True
Is 7288301 a multiple of 1864?
False
Does 2 divide 1489919?
False
Is 25 a factor of 36447650?
True
Is 1645970562 a multiple of 320?
False
Does 20 divide 161352200?
True
Is 26 a factor of 1689792754?
True
Does 5 divide 18906624?
False
Is 8552 a factor of 2453081336?
True
Does 1593 divide 122407420?
False
Is 772 a factor of 201178568?
True
Is 16312914 a multiple of 606?
True
Is 10 a factor of 5327478?
False
Is 2622893019 a multiple of 18?
False
Is 14 a factor of 37636410?
True
Is 417 a factor of 25308147?
True
Does 13 divide 228308067?
True
Does 789 divide 4479454433?
False
Is 686 a factor of 30231334?
True
Is 19 a factor of 1366571656?
True
Is 475361775 a multiple of 1505?
True
Is 414899337 a multiple of 39?
False
Is 5 a factor of 11223386?
False
Is 238217631 a multiple of 321?
True
Does 3 divide 126288422?
False
Is 10 a factor of 503669223?
False
Does 375 divide 39672628?
False
Is 71910406 a multiple of 243?
False
Does 103 divide 8248858?
True
Is 14625761 a multiple of 3101?
False
Does 1646 divide 1366673800?
True
Does 838 divide 26379825?
False
Is 55357092 a multiple of 28?
True
Is 823350700 a multiple of 2196?
False
Is 3308274 a multiple of 23?
True
Does 7092 divide 1199579473?
False
Does 384 divide 4234955?
False
Is 129 a factor of 12455208?
True
Does 289 divide 417975036?
False
Does 506 divide 2338971?
False
Is 2980 a factor of 42888160?
True
Is 13 a factor of 4663099302?
False
Is 1889 a factor of 138805609?
True
Is 54278348 a multiple of 2822?
True
Does 9 divide 99949869?
True
Does 5728 divide 14686592?
True
Does 128 divide 1260972800?
True
Is 56659373 a multiple of 2369?
True
Is 3230065891 a multiple of 915?
False
Is 639612560 a multiple of 20?
True
Does 411 divide 35890986?
True
Is 85 a factor of 7532020?
True
Is 138265557 a multiple of 1797?
False
Is 10 a factor of 87503061?
False
Does 829 divide 998050509?
True
Does 814 divide 18396112?
False
Is 100 a factor of 13676000?
True
Is 35 a factor of 112213675?
True
Does 23 divide 2019928980?
False
Is 443 a factor of 155176142?
False
Is 1509639978 a multiple of 154?
True
Does 396 divide 12806862?
False
Is 236551794 a multiple of 13?
False
Does 8 divide 184244264?
True
Is 201 a factor of 542468962?
False
Does 18 divide 138148200?
True
Does 26 divide 165508876?
True
Is 7497 a factor of 25294878?
True
Does 76 divide 818658041?
False
Is 318100015 a multiple of 5?
True
Does 320 divide 38202817?
False
Is 2 a factor of 7046577?
False
Does 9 divide 77006773?
False
Does 20 divide 88173818?
False
Is 603792343 a multiple of 77?
True
Does 24 divide 689408568?
True
Is 13 a factor of 111735286?
True
Does 2219 divide 1758499?
False
Is 49 a factor of 1485310470?
False
Does 366 divide 380056320?
False
Does 2575 divide 2248460105?
False
Is 4 a factor of 13049305?
False
Does 14 divide 10412949?
False
Is 5 a factor of 254862705?
True
Is 10 a factor of 187439280?
True
Is 546 a factor of 40865706?
False
Is 7 a factor of 38966955?
False
Is 8143731 a multiple of 241?
False
Is 145771933 even?
False
Is 28777268 a multiple of 35?
False
Is 3366 a factor of 1600303941?
False
Is 22895552 a multiple of 64?
True
Does 95 divide 1550639355?
False
Does 13 divide 49230818?
True
Is 154065734 a multiple of 5?
False
Is 11 a factor of 52548206?
False
Does 133 divide 117218992?
False
Is 2410091524 a multiple of 238?
False
Is 373988985 a multiple of 3?
True
Does 14 divide 155767537?
False
Is 574 a factor of 98467495?
False
Is 79 a factor of 43512726?
True
Is 35 a factor of 3087409?
False
Does 3157 divide 443485712?
False
Is 913599812 a multiple of 17?
False
Does 1327 divide 202409283?
False
Is 14406958 a multiple of 2?
True
Is 6 a factor of 727350517?
False
Does 45 divide 112480782?
False
Is 190 a factor of 2478133759?
False
Is 369 a factor of 1154593251?
True
Is 109 a factor of 3638012?
False
Is 1371 a factor of 52435921?
False
Does 14 divide 635723312?
True
Does 46 divide 289290412?
True
Does 672 divide 68242272?
True
Is 146712095 a multiple of 4115?
True
Does 334 divide 1302377528?
False
Is 1663 a factor of 82258632?
True
Is 88336829 a multiple of 12?
False
Does 145 divide 26917071?
False
Is 326 a factor of 432968750?
True
Does 14 divide 25224